{"id":64,"date":"2022-11-02T19:20:25","date_gmt":"2022-11-02T19:20:25","guid":{"rendered":"https:\/\/engqs.com\/?page_id=64"},"modified":"2025-03-14T15:39:35","modified_gmt":"2025-03-14T15:39:35","slug":"clientes","status":"publish","type":"page","link":"https:\/\/engqs.com\/index.php\/clientes\/","title":{"rendered":"CLIENTES"},"content":{"rendered":"<p><!--\n\n\n<ul class=\"baseul\">\n \t\n\n<li title=\"wsminerals\"><a href=\"http:\/\/www.wsminerals.com\" target=\"_blank\" rel=\"www.wsminerals.com noopener\">Wsminerals<\/a><\/li>\n\n\n \t\n\n<li title=\"CISGLOCA\"><a href=\"http:\/\/www.cisgloca.com\" target=\"_blank\" rel=\"www.cisgloca.com noopener\">CISGLOCA<\/a><\/li>\n\n\n \t\n\n<li title=\"Doral\"><a href=\"http:\/\/www.dvavolley.us\" target=\"_blank\" rel=\"www.dvavolley.us noopener\">Doral Volleyball Academy<\/a><\/li>\n\n\n<\/ul>\n\n\n--><\/p>\n<div class=\"clearfix\"><\/div>\n<div class=\"row\">\n<section id=\"projects\">\n<ul id=\"thumbs\" class=\"portfolio\">\n<li class=\"item-thumbs col-lg-3 design\" data-id=\"id-0\" data-type=\"web\"><img decoding=\"async\" class=\"aligncenter\" src=\"http:\/\/engqs.com\/wp-content\/uploads\/2015\/07\/logo_JC_final-2-3D-846x612.png\" alt=\"WS es una empresa especializada en la comercializacion de mineral, materia prima y productos para la industria del acero. Trabajamos en funci\u00f3n de lograr negociaciones exitosas, generar valor para nuestros clientes y establecer relaciones ganar \u2013 ganar que permitan a las partes involucradas alcanzar sus metas de negocio.\" \/><\/li>\n<li class=\"item-thumbs col-lg-3 design\" data-id=\"id-1\" data-type=\"icon\"><img decoding=\"async\" src=\"http:\/\/engqs.com\/wp-content\/uploads\/2015\/04\/CISGLOCA_BANNER2.png\" alt=\"CISGLOCA, C.A, desde el a\u00f1o 2004 a ofrecido la mejor calidad en servicios y productos industriales y residenciales para toda Venezuela. Fabrica e instala estructuras met\u00e1licas aplicando las normas A.I.S.C. y COVENIN de forma eficiente, eficaz y segura, resguardando la integridad f\u00edsica del personal, preservando el medio ambiente y cumpliendo con las normas t\u00e9cnicas inherentes a la ejecuci\u00f3n de los proyectos. Para esto CISGLOCA, C.A trabaja con capital humano calificado, comprometido con la calidad de nuestros productos, procurando la mejora continua de los procesos y servicios para la satisfacci\u00f3n de nuestros clientes.\" \/><\/li>\n<li class=\"item-thumbs col-lg-3 photography\" data-id=\"id-2\" data-type=\"graphic\"><img decoding=\"async\" src=\"http:\/\/engqs.com\/wp-content\/uploads\/2015\/07\/DVA-banner-logo-m1.png\" alt=\"Es una instituci\u00f3n de voleibol muy organizada dedicada a proporcionar a sus atletas con entrenamiento t\u00e9cnico , t\u00e1ctico y f\u00edsico para alcanzar su m\u00e1ximo potencial.\" \/><\/li>\n<li class=\"item-thumbs col-lg-3 photography\" data-id=\"id-3\" data-type=\"graphic\"><img decoding=\"async\" src=\"http:\/\/engqs.com\/wp-content\/uploads\/2020\/09\/fiberlux2-1.png\" alt=\"Fiberlux es una empresa Peruana l\u00edder en conectividad de alta velocidad en fibra \u00f3ptica. Ajustada a las exigencias actuales del mercado, ofrece servicios de Internet Dedicado, Telefon\u00eda IP, Servicio de Nube \" \/><\/li>\n<li data-id=\"id-3\" data-type=\"graphic\"><img loading=\"lazy\" decoding=\"async\" class=\"alignnone  wp-image-121\" src=\"http:\/\/engqs.com\/wp-content\/uploads\/2025\/03\/towncenter_logo.png\" alt=\"\" width=\"288\" height=\"193\" \/><\/li>\n<li data-id=\"id-3\" data-type=\"graphic\"><\/li>\n<\/ul>\n<\/section>\n<\/div>\n","protected":false},"excerpt":{"rendered":"","protected":false},"author":1,"featured_media":0,"parent":0,"menu_order":0,"comment_status":"closed","ping_status":"closed","template":"","meta":{"om_disable_all_campaigns":false,"_monsterinsights_skip_tracking":false,"_monsterinsights_sitenote_active":false,"_monsterinsights_sitenote_note":"","_monsterinsights_sitenote_category":0,"footnotes":""},"class_list":["post-64","page","type-page","status-publish","hentry"],"aioseo_notices":[],"_links":{"self":[{"href":"https:\/\/engqs.com\/index.php\/wp-json\/wp\/v2\/pages\/64","targetHints":{"allow":["GET"]}}],"collection":[{"href":"https:\/\/engqs.com\/index.php\/wp-json\/wp\/v2\/pages"}],"about":[{"href":"https:\/\/engqs.com\/index.php\/wp-json\/wp\/v2\/types\/page"}],"author":[{"embeddable":true,"href":"https:\/\/engqs.com\/index.php\/wp-json\/wp\/v2\/users\/1"}],"replies":[{"embeddable":true,"href":"https:\/\/engqs.com\/index.php\/wp-json\/wp\/v2\/comments?post=64"}],"version-history":[{"count":4,"href":"https:\/\/engqs.com\/index.php\/wp-json\/wp\/v2\/pages\/64\/revisions"}],"predecessor-version":[{"id":122,"href":"https:\/\/engqs.com\/index.php\/wp-json\/wp\/v2\/pages\/64\/revisions\/122"}],"wp:attachment":[{"href":"https:\/\/engqs.com\/index.php\/wp-json\/wp\/v2\/media?parent=64"}],"curies":[{"name":"wp","href":"https:\/\/api.w.org\/{rel}","templated":true}]}}